57050?
False
Is 18 a factor of 986832?
True
Does 17 divide 276437?
True
Does 88 divide 62773?
False
Is 7739479 a multiple of 31?
False
Is 29 a factor of 49557?
False
Is 5132929 a multiple of 538?
False
Is 537 a factor of 9100539?
True
Is 39 a factor of 191451?
True
Is 5318674 a multiple of 220?
False
Is 568168 a multiple of 632?
True
Is 37 a factor of 2843936?
False
Is 12 a factor of 10101?
False
Is 3766820 a multiple of 309?
False
Is 147 a factor of 332661?
True
Is 285 a factor of 549480?
True
Does 18 divide 417874?
False
Is 751884 a multiple of 12?
True
Does 298 divide 3312866?
True
Does 733 divide 2142793?
False
Is 873690 a multiple of 44?
False
Is 9 a factor of 62703?
True
Is 295222 even?
True
Does 51 divide 516528?
True
Does 7 divide 16097?
False
Is 53 a factor of 7399860?
True
Is 4 a factor of 546784?
True
Does 77 divide 75383?
True
Does 122 divide 7244111?
False
Is 46939 a multiple of 73?
True
Does 568 divide 649858?
False
Does 125 divide 132940?
False
Does 6 divide 4077?
False
Does 86 divide 2382283?
False
Does 13 divide 264883?
False
Is 1289505 a multiple of 21?
True
Is 34 a factor of 5720?
False
Is 10 a factor of 234142?
False
Is 8 a factor of 1363776?
True
Is 19 a factor of 116841?
False
Does 2 divide 248801?
False
Is 417121 a multiple of 929?
True
Is 4 a factor of 311016?
True
Does 57 divide 220592?
False
Does 25 divide 2505304?
False
Does 199 divide 467462?
False
Is 1487637 a multiple of 31?
False
Is 1916418 a multiple of 540?
False
Is 1016573 a multiple of 202?
False
Does 56 divide 4512103?
False
Is 501182 a multiple of 8?
False
Is 33698 a multiple of 203?
True
Is 123 a factor of 23065329?
True
Is 106568 a multiple of 6?
False
Does 480 divide 164160?
True
Does 42 divide 108289?
False
Is 1027059 a multiple of 33?
True
Does 25 divide 591575?
True
Is 168 a factor of 264264?
True
Is 1136 a factor of 2270864?
True
Is 58 a factor of 524186?
False
Is 629 a factor of 705754?
False
Does 10 divide 201930?
True
Is 2470986 a multiple of 89?
False
Is 722 a factor of 3698906?
False
Is 21 a factor of 5267556?
True
Is 51 a factor of 33525615?
True
Is 701304 a multiple of 225?
False
Does 6 divide 423120?
True
Is 9 a factor of 386734?
False
Is 11586506 a multiple of 773?
False
Does 257 divide 131833?
False
Does 9 divide 638256?
False
Does 615 divide 123615?
True
Is 1566 a multiple of 58?
True
Is 10 a factor of 2574900?
True
Is 1334571 a multiple of 721?
True
Does 47 divide 745091?
True
Does 513 divide 4425651?
True
Is 808998 a multiple of 44?
False
Does 117 divide 79619?
False
Is 1632731 a multiple of 121?
False
Is 2083130 a multiple of 14?
True
Is 188694 a multiple of 4?
False
Is 17 a factor of 59057?
False
Is 17 a factor of 4147021?
False
Is 1813495 a multiple of 75?
False
Is 47 a factor of 1300255?
True
Is 237 a factor of 4897526?
False
Does 410 divide 5276638?
False
Is 279 a factor of 453319?
False
Is 386088 a multiple of 7?
False
Does 47 divide 311939?
True
Is 101072 a multiple of 8?
True
Is 465 a factor of 5403588?
False
Is 4 a factor of 217648?
True
Does 167 divide 479390?
False
Is 6515446 a multiple of 1918?
True
Is 171450 a multiple of 5?
True
Is 413 a factor of 1342250?
True
Is 1375255 a multiple of 7?
True
Is 8307680 a multiple of 160?
True
Is 145144 a multiple of 219?
False
Is 53 a factor of 127959?
False
Is 92 a factor of 39468?
True
Is 1274775 a multiple of 75?
True
Does 34 divide 230600?
False
Is 24 a factor of 408264?
True
Is 2 a factor of 14967?
False
Is 558492 a multiple of 22?
True
Is 183852 a multiple of 12?
True
Does 412 divide 655623?
False
Is 210975 a multiple of 28?
False
Does 65 divide 229710?
True
Is 5 a factor of 6840772?
False
Is 756 a factor of 2582705?
False
Does 47 divide 28911?
False
Is 102 a factor of 16480553?
False
Is 17088654 a multiple of 19?
False
Does 332 divide 69484?
False
Does 216 divide 329175?
False
Is 44 a factor of 1195459?
False
Is 135 a factor of 6496605?
True
Is 18703550 a multiple of 470?
False
Is 89 a factor of 1457464?
True
Does 90 divide 1705327?
False
Does 778 divide 13895921?
False
Is 30 a factor of 3222607?
False
Is 44 a factor of 20020?
True
Does 60 divide 2155980?
True
Does 33 divide 517737?
True
Does 52 divide 5015400?
True
Does 87 divide 10813782?
False
Is 90 a factor of 3325860?
True
Is 50898 a multiple of 29?
False
Does 10 divide 54807?
False
Is 274069 a multiple of 3?
False
Is 289 a factor of 793305?
True
Is 160 a factor of 6874?
False
Is 419396 a multiple of 3?
False
Does 475 divide 103535?
False
Does 24 divide 895656?
True
Does 32 divide 107360?
True
Is 5477706 a multiple of 153?
True
Does 17 divide 131376?
True
Is 451 a factor of 1647503?
True
Does 57 divide 15194205?
True
Is 774 a factor of 3870774?
True
Is 316750 a multiple of 201?
False
Does 51 divide 278817?
True
Does 14 divide 70635?
False
Is 163 a factor of 6771753?
False
Does 78 divide 967668?
True
Is 99211 a multiple of 216?
False
Is 181 a factor of 6143805?
False
Does 10 divide 33256?
False
Does 40 divide 28320?
True
Does 371 divide 8232739?
False
Does 446 divide 1749658?
True
Does 235 divide 164265?
True
Is 18 a factor of 4759871?
False
Is 154 a factor of 3263260?
True
Is 639185 a multiple of 250?
False
Is 20 a factor of 178260?
True
Does 21 divide 209694?
False
Is 5668564 a multiple of 56?
False
Is 15 a factor of 4007557?
False
Is 27 a factor of 58318?
False
Is 265782 a multiple of 6?
True
Is 217 a factor of 215047?
True
Is 86293 a multiple of 9?
False
Does 204 divide 8553516?
True
Is 371595 a multiple of 4?
False
Does 14 divide 11200029?
False
Is 133104 a multiple of 376?
True
Does 525 divide 3986025?
False
Does 3 divide 189711?
True
Does 1226 divide 2199198?
False
Is 54 a factor of 214920?
True
Is 2607613 even?
False
Is 35546 a multiple of 14?
True
Does 21 divide 7678678?
False
Is 65317 a multiple of 8?
False
Does 15 divide 2355?
True
Is 1686370 a multiple of 267?
False
Is 91 a factor of 10286?
False
Is 110058 a multiple of 249?
True
Is 661 a factor of 1501596?
False
Does 57 divide 16302?
True
Is 103200 a multiple of 120?
True
Does 227 divide 111457?
True
Does 57 divide 215082?
False
Is 3017364 a multiple of 30?
False
Does 62 divide 14384?
True
Is 648 a factor of 192407?
False
Is 73 a factor of 58838?
True
Is 442104 a multiple of 52?
True
Does 9 divide 6203?
False
Is 101 a factor of 738759?
False
Is 34067 a multiple of 149?
False
Is 484379 a multiple of 388?
False
Does 55 divide 4491520?
True
Does 7 divide 8672013?
True
Does 37 divide 606692?
False
Is 38 a factor of 121714?
True
Is 8 a factor of 9927?
False
Is 2387934 a multiple of 45?
False
Is 992 a factor of 1755840?
True
Is 1705163 a multiple of 18?
False
Is 9706 a multiple of 46?
True
Does 106 divide 24486?
True
Is 7 a factor of 13940?
False
Is 18816 a multiple of 15?
False
Does 24 divide 310859?
False
Is 35146 a multiple of 21?
False
Is 120 a factor of 322680?
True
Does 90 divide 863569?
False
Is 83 a factor of 4115?
False
Does 15 divide 4510767?
False
Does 59 divide 2641371?
True
Is 55 a factor of 424875?
True
Does 18 divide 273746?
False
Is 78534 a multiple of 13?
False
Is 21097032 a multiple of 24?
True
Is 10 a factor of 755080?
True
Does 19 divide 407284?
True
Is 96990 a multiple of 106?
True
Is 10652 a multiple of 64?
False
Is 68318 a multiple of 83?
False
Is 187 a factor of 675842?
False
Is 377793 a multiple of 13?
True
Is 2031514 a multiple of 22?
False
Does 661 divide 4701128?
False
Is 53550 a multiple of 30?
True
Is 36879 a multiple of 81?
False
Is 914825 a multiple of 43?
True
Does 12 divide 372265?
False
Is 15219280 a multiple of 16?
True
Is 200 a factor of 165000?
True
Does 137 divide 769965?
False
Is 9945 a multiple of 117?
True
Is 13 a factor of 22290958?
False
Does 215 divide 154155?
True
Is 388 a factor of 1201248?
True
Is 191675 a multiple of 205?
True
Is 11 a factor of 7370429?
True
Is 694727 a multiple of 137?
True
Is 2816785 a multiple of 4?
False
Is 73 a factor of 157474?
False
Is 71 a factor of 665954?
False
Does 225 divide 5406750?
True
Is 5 a factor of 2281?
False
Is 12 a factor of 83436?
True
Is 9129 even?
False
Is 31 a factor of 90365?
True
Is 167157 a multiple of 41?
True
Is 35944920 a multiple of 12?
True
Is 271 a factor of 1332104?
False
Does 142 divide 4453120?
True
Is 173892 a multiple of 6?
True
Is 160 a factor of 8324253?
False